its digit of s?
9
Let i = 113 + -67. Suppose -51*j + 4020 = -i*j. What is the hundreds digit of j?
8
Let a = 342 + 121. Let p = a - 269. What is the tens digit of p?
9
Suppose -12*y + 10*y = 0. Suppose -21*h + y*h = -7539. What is the hundreds digit of h?
3
Let j(p) = 26*p + 2. Let z be j(6). Suppose -5*t + 25 = -3*k - 81, -5*k - t = z. What is the tens digit of 45*1/(k/(-9) + -3)?
8
Let o be -7 + (14 - 1) + 5984. Suppose 0*m - o = -10*m. What is the hundreds digit of m?
5
Suppose -y = 2*j - 231, 0 = 3*y + 3*j - 4*j - 672. Let q = y - -87. What is the tens digit of q?
1
What is the units digit of 86373/11 + (-5)/55?
2
Let c = -386 - -403. Suppose -7499 = -c*h - 2756. What is the units digit of h?
9
Let a = 55 - -7. Let c be (-1 + (-1 - -3))*9. Let l = a - c. What is the units digit of l?
3
Suppose -27*w + 182*w = 679830. What is the hundreds digit of w?
3
Let b(k) = 16*k**2 + 22*k + 102. Let i be b(-10). Let l = i + -816. What is the tens digit of l?
6
Let w(a) = 1329*a**2 + 24*a - 1. What is the units digit of w(2)?
3
Suppose -2 = -4*g + 10, -2*g = 5*i + 14. What is the units digit of (-27 - i)/(13/(-481))?
1
Suppose -2*d = 4*c - 42, -d + 4*c - 59 = -4*d. Let s(a) = -3*a - 4. Let p be s(6). Let q = d - p. What is the tens digit of q?
3
Let j(q) be the first derivative of 3*q**4 + q**3/3 - 3*q**2/2 + 2*q - 7. Suppose 0 = 4*u + 8, -6*b + 2*b = -u - 10. What is the units digit of j(b)?
6
Suppose 34*j - 26265 = 26027. Suppose d = -2*z + 4663 - j, 2*z + 2*d - 3128 = 0. What is the hundreds digit of z?
5
Let z(d) = 24*d**2 + 16*d + 48. Let k be z(-10). What is the hundreds digit of (-17)/(170/15)*k/(-6)?
5
Let h(k) = -3*k + 16. Let l be h(8). Let f(x) = 31*x**2 - 6*x - 12. Let j be f(l). Suppose 9*y - j = -454. What is the units digit of y?
4
Suppose b - 3*g = 25, 12 = -5*b - 4*g + 42. Suppose -2*l + 4*o + 472 = 0, -710 = -3*l + b*o - 6*o. What is the tens digit of l?
3
Let w be (9/(-15) - -1)/((-10)/50). Let b be w/2 + (-66 - 3). What is the hundreds digit of 6/(-21) - 9260/b?
1
Suppose 3*g = -2*g - 5*l, 5*g + 4*l = 0. Suppose g = -y - 5*f + 418 + 158, -2*y + 4*f = -1124. What is the units digit of y?
6
Let l = -27 + 315. Suppose -1111*r - l = -1113*r. What is the units digit of r?
4
Let p = -275 + 281. Suppose p*u = u + 1775. What is the hundreds digit of u?
3
Let c = -103 + 68. Let u = 38 + c. What is the units digit of (-585)/u*9/(-27)?
5
Suppose -70*h + 5225 = -69*h. What is the units digit of 3 + h/40 - (-3)/8?
4
Let y = 60 - 38. Let k(r) = -17 - 13*r - 14*r + 59*r - 11*r - 12*r. What is the units digit of k(y)?
1
Suppose -153*v + 114*v + 185718 = 0. What is the thousands digit of v?
4
Let w(q) = -1206*q**3 - 6*q**2 + 47*q + 226. What is the tens digit of w(-3)?
9
Suppose 23*m + 55692 = 44*m. What is the hundreds digit of -86*1*m/(-136)?
6
Let u = -3930 + 13351. What is the thousands digit of u?
9
Let s(a) = a**3 - 5*a**2 + 16*a - 3. Let j be s(7). What is the tens digit of 48*(j/12 + -8)?
4
Let i = -214 + -128. Let w = i - -594. What is the hundreds digit of w?
2
Let z(d) = -5*d**2 + 13*d + 47*d - 11*d + 70 - 18*d + 7*d**2. What is the tens digit of z(-29)?
5
Let h(a) = -17 + 406*a + 87 - 170. What is the tens digit of h(4)?
2
Suppose -5*f - 2*t = -8730, 0*f - 5*t - 5269 = -3*f. What is the tens digit of f?
4
Suppose -525*f + 13834462 - 10322439 = -27353777. What is the tens digit of f?
9
Suppose -247*a - 235087 = -517*a + 251*a. What is the tens digit of a?
7
Let d(t) be the first derivative of t**4/4 + 2*t**3/3 + 15*t**2/2 - 34*t + 89. What is the tens digit of d(7)?
1
Suppose -g - 4*j + 6 + 2 = 0, 0 = g + 2*j - 4. Let n be 0 + 0/6 - (-1 + g). What is the units digit of 18/(-6) - (-114*1 - n)?
2
Let b = 102012 - 60465. What is the tens digit of b?
4
Let t(d) = d**3 + 6*d**2 - 28*d - 14. Let w be t(-9). Let s(l) = 96*l**2 + 6*l - 12. Let c be s(w). Suppose -5*n + c = 4*n. What is the hundreds digit of n?
2
Suppose 1762 + 3071 = -9*p. Let z = -246 - p. What is the tens digit of z?
9
Let a(j) = -j**3 - 5*j**2 + 11*j + 26. Let w be a(-8). Let g = w + 293. What is the tens digit of g?
2
Let z = 14 - 10. What is the hundreds digit of (-20 + (3 - 1))/(z/(-28))?
1
What is the tens digit of 0 + 4/38 - (-565998)/114?
6
Let w(o) = 2772*o**2 - 126*o + 3. What is the hundreds digit of w(4)?
8
Suppose -44*z = -48*z + 20. Suppose 3*w - 5 = 2*q + z, -5*q = -2*w + 3. Suppose w*m - 397 = -3*s, -5*m + 498 = 5*s - 3*s. What is the units digit of m?
0
Let u(v) = -v**2 - 15*v - 147. Let w be u(-10). Let f(x) = -18*x**2 - 4*x + 1. Let s be f(3). Let i = w - s. What is the tens digit of i?
7
Let c be (4023/45)/(6/20). Let f = c + -189. What is the units digit of f?
9
What is the units digit of 0 + -8 - 53/((-1219)/256542)?
6
Suppose 4*b = -8, -h - 2*b - 10 = -0*b. Let j(k) = -145*k + 33. What is the hundreds digit of j(h)?
9
Let a(i) = -14*i - 13. Let v(q) = 31 + 17*q - 6 + 11*q. Let c(k) = -7*a(k) - 4*v(k). What is the tens digit of c(-6)?
7
Suppose 4*q + 12 = 5*m, q + m = -3*m + 18. What is the tens digit of ((0 + q)*-51)/(27 + -28)?
0
Let w = 2968 + 3606. What is the tens digit of w?
7
Let a(n) = -41 - 4 + 21 - 89 - 112*n. What is the hundreds digit of a(-8)?
7
Suppose 4*g + 5*g = 36. Let c(w) = 4*w**3 - 11*w**2 - 2*w + 10. Let p(m) = -2*m**3 + 6*m**2 + m - 5. Let f(s) = g*c(s) + 7*p(s). What is the tens digit of f(2)?
1
What is the hundreds digit of ((-26)/104)/((-6)/137640)?
7
Let l(p) = -p**3 + 3*p + 21. Let n be l(0). Suppose -3*o - n = -3*y, -3*o - 23 = -0*o - 2*y. Let j = 24 + o. What is the units digit of j?
5
What is the thousands digit of (-1)/2 - 0 - ((-67039)/14 - -4)?
4
Let i(s) = -s**3 + 19*s**2 - 16*s + 12. Let o(q) = q**3 + 13*q**2 + 18. Let d = -27 + 14. Let g be o(d). What is the tens digit of i(g)?
4
Let z = -457 - -473. Suppose -2*o = -z*k + 13*k - 1577, -2*k + 3130 = 4*o. What is the hundreds digit of o?
7
Suppose -12767 - 34680 = -10*m + 36673. What is the units digit of m?
2
Let z be -5*(84/30)/(-2). Suppose -z*x + 1254 = 15*x. What is the tens digit of x?
5
Suppose 7*h + 1508 = 9*h. Suppose -2*s = -2*o - h, 3*s - 2*s - 5*o = 389. What is the hundreds digit of s?
3
Let w = 233 - 83. Suppose 2*z - 2*b = -w, 3*z + 358 = 2*b + 133. Let n = 14 - z. What is the units digit of n?
9
Let l be -6*(-8)/(-18)*(-5988)/8. Suppose 1994*s = l*s - 2776. What is the thousands digit of s?
1
Suppose 32*k + 11*k - 698160 = -5*k. What is the hundreds digit of k?
5
Let y(k) = 4318*k**2 + 137*k + 3. What is the thousands digit of y(-2)?
7
Let k(v) = 11*v**2 + 8*v - 39. Suppose -2*r - 2*w + 11 = -5, 4*r + 5*w - 36 = 0. What is the hundreds digit of k(r)?
1
Suppose -5*f - a + 82441 = 0, 65950 = 4*f - 2*a - 0*a. What is the ten thousands digit of f?
1
Suppose -3*w = -5*f + 35, -4*f - 17 = -2*f + 5*w. Suppose 0 = -f*s - 4*o + 2340, -9*o + 2920 = 5*s - 5*o. What is the units digit of s?
0
What is the tens digit of 2/(-3*6) + (-1012674)/(-351)?
8
Let n(z) = -139*z**3 - z**2 - 53*z - 12. What is the units digit of n(-6)?
4
Suppose 3*y + g - 4*g = 0, 2*g = 0. Suppose 0 = m - 5*l - 475, y*l = -4*m - 2*l + 1834. What is the units digit of m?
0
Suppose -3*v - 12 = 0, 3*k + 292*v - 287*v - 80428 = 0. What is the tens digit of k?
1
Suppose 4*z - 1376 = 2*p, -z + 151 = p - 199. Let j = 797 + z. What is the units digit of j?
3
Let a(m) = 3*m - 12. Let k be a(-10). Let x be (3/9 + -2)*k. Suppose -4*n + x = 6*n. What is the units digit of n?
7
What is the hundreds digit of 1*(2 + (8 - 9)) - -19005?
0
Suppose -17*s + 4051 + 845 = 0. What is the tens digit of (2 + -33 + 1)/((-27)/s)?
2
Suppose -4*k + a = -4*a + 14, 5*a = -3*k - 28. Let f be 584/(-14) + k/42*2. What is the units digit of 1/3 - 4228/f?
1
Let q(f) be the third derivative of -f**6/120 + 4*f**5/15 - 13*f**4/24 - f**3/6 + 2*f**2 - 43*f. What is the tens digit of q(11)?
6
Suppose 7 - 21 = -2*i. Let u(z) = i*z - 12 + 3*z**2 - 3*z + z. What is the tens digit of u(8)?
2
Let i = 170781 + -91588. What is the tens digit of i?
9
Suppose -2*q + 255 = -195. Let g = -3448 + 3528. Let x = q - g. What is the hundreds digit of x?
1
Let o = -311 - -301. What is the units digit of (3415/o)/(20/8 - 3)?
3
Suppose -123*t + 1755 = -128*t. Let s = -179 - t. What is the units digit of s?
2
Let m(j) = -j**2 + 9*j + 21. Let l be m(11). L